) + (-4 + -1 - -13)?
-4
Calculate (-3 + 4 - 5) + -14 + 23 + 6.
11
Evaluate (0 - -19) + (-44 - -26).
1
What is the value of 36 + 20 + -33 - 5?
18
What is 8 + 5 + -8 + 0 + (7 - 1)?
11
What is 17 - (12 - (12 - (12 - 8)))?
13
What is (6 - 1) + -19 + (9 - -6)?
1
What is 1 + 1 + -4 - (62 + -61) - 9?
-12
-7 + (-2 - (-7 + 9) - -3) - -2
-6
What is the value of 18 - 0 - (-68 - -82)?
4
-5 + -5 + (-7 + 2 + 8 - -5)
-2
Evaluate 967 + -981 + (18 - 0).
4
What is -384 - -394 - (44 - 1)?
-33
Evaluate 37 + 2 + (1 - 4) + (59 - 70).
25
What is 1 + -8 + 1 + (-18 - 12) + 52?
16
(-6 - (4 - 5)) + (-10 - -17)
2
Calculate 1210 + -1222 - (-20 - -1).
7
(0 - -7) + (2 - 24 - -25)
10
Evaluate -15 - -5 - 12 - (5 + 4 - -1).
-32
(-6 + (-6 - -18) - -1) + (-1 - -1)
7
What is the value of (-8 - 1 - (40 - 51)) + -9 + 22?
15
4 - 1 - (10 + 5 - 22)
10
(7 - (64 - 50)) + (5 - (2 + -2))
-2
What is 4 - (-1 + (-6 - 1) + 11)?
1
What is the value of -110 + 152 + (-4 - 33)?
5
-8 + (-31 - (-48 - -34))
-25
What is the value of 12 + (0 - (7 - -15)) - -9?
-1
Evaluate -55 - -35 - (-3 - 19).
2
(-8 - -21) + -13 + 0
0
-2 + (18 - 8) + -2 + 0
6
-2 + 0 + 35 + -43
-10
What is the value of 44 + -70 + 35 + -6 + -1?
2
-17 + (-1 - 16) + 25
-9
Calculate 8 - (6 + 3 + -7) - (1 + 5).
0
What is (-18 - 2) + 7 + -16 + -5?
-34
Calculate 10 + 2 + -1 + -15 + 333 + -330.
-1
What is -6 - (-16 + 30 + -19) - 7?
-8
What is 20 + -6 + 2 + 9 - 11?
14
Evaluate -17 - (-19 + 26 + -27).
3
(-9 - (2 + -7)) + (4 - (-8 - -3))
5
Calculate (-21 - -23) + -5 + 3.
0
What is (-24 - (-10 - -2 - 5)) + (-33 - -9)?
-35
Calculate (1 - -4) + 34 + (-49 - -25).
15
Calculate 9 + (-3 + -36 + -3 + 9 - 0).
-24
What is 182 - 182 - (-4 - -23)?
-19
What is (2 - (4 - 8) - 47) + 11?
-30
Calculate 19 + (-7 - (2 + -3)) - 7 - -5.
11
(-23 - 0) + -4 + 19
-8
Calculate -8 - (-21 + 11) - ((-6 - -30) + -4).
-18
Calculate 10 - 1 - (-59 - -51).
17
Evaluate -35 + -39 - (11 + -51).
-34
What is the value of 167 + -162 + (-23 - -10 - (1 + -3))?
-6
(-6 + 10 - 5) + -19
-20
Calculate 2 + 3 - (32 - 33).
6
Calculate (-41 - -45) + -2 + 4 + 2 - -13.
21
What is the value of -9 + 1 + 3 + 2 + -4?
-7
-13 + 0 + -17 + 43 + 1
14
2 + (-4 - -1) + -9 + 14
4
What is (28 + -1 - (-40 - -54)) + -5?
8
Evaluate 115 + -129 + (1 - 4) - -40.
23
What is the value of (-2 - -14) + (-51 - (-4 + -15))?
-20
Calculate -8 + (0 - -5) + -9 + -4.
-16
Calculate (-5 - (-6 - -1 - -10)) + -5 + 5.
-10
-13 + 2 + 2 - (-6 + -1) - -31
29
What is (0 - (-7 + 10 - 7)) + 0 + 10?
14
What is 0 + 5 + -8 + 4 + -11?
-10
(-2 - (-1 + -2 + -1 - 0)) + -4
-2
Calculate 14 + -26 + 18 + 6.
12
10 - (-7 + (-3 - -6) + 38) - -4
-20
What is the value of (-16 - (-17 + 10 + -2) - 2) + 10?
1
Evaluate -17 - (31 - 61 - -48).
-35
Evaluate -5 + -7 + -7 + 11 + 6 - -10.
8
What is -39 - -43 - (-11 + 5) - -14?
24
What is 13 + -28 + 10 + -6?
-11
What is (0 - (-3 - -11)) + (-1 - (-11 + 11))?
-9
Calculate -3 + 8 - (-26 - -20) - 40.
-29
Evaluate 2 - (-6 + 2 - 6) - 5.
7
Evaluate -5 - (-7 - (5 + (5 - (3 - -1)))).
8
What is the value of -10 + -11 + 18 + (-1 - -2) + -1?
-3
Evaluate -14 + 21 - (9 + 4 + -7).
1
Evaluate -30 + 30 + 7 - (5 + 0).
2
What is 3 + 10 + -19 + (0 - 2)?
-8
What is the value of (4 - 1) + 33 - (-410 + 417)?
29
What is (-2 - -5) + (2 - (5 - 2))?
2
What is 13 - (-5 + -1 + 18 + -5 + -1)?
7
What is (10 - 0) + -25 - -15?
0
What is the value of 3 + (-15 + -1 - (29 - 28)) + -1?
-15
Evaluate 1 - (-12 + -3 + 7).
9
What is the value of -5 - (-1 - ((19 - 13) + (-2 - 7)))?
-7
Calculate -15 - -11 - (2 - (1 + (-4 - -4))).
-5
Evaluate -36 + 54 + -16 + 3 - 19.
-14
What is 5 - (-14 - (-2 - 0 - 5))?
12
What is the value of (4 + -10 - -20) + -7 + -15 - -6?
-2
Evaluate (-330 - -319) + (0 - -1).
-10
Evaluate (5 - -13) + -4 - (3 + 9).
2
What is 43 + -8 + 14 - 28?
21
9 - (14 - 3 - -9)
-11
Calculate -24 + (6 + 12 - -15).
9
What is -18 - (-27 - (-10 - -7)) - (-1 + 18)?
-11
What is (1 - -35) + (-340 - -320)?
16
Evaluate 69 - (43 - (7 + -4)).
29
Calculate 0 + 10 - (14 + (6 - 22)).
12
-10 - (10 + 1 - (24 + -23))
-20
What is the value of -11 + 11 - (7 + -11 + 11)?
-7
Calculate 13 + 21 + -12 + 0.
22
(23 - 2) + (-5 - 29)
-13
What is the value of 2 + 0 - (-5 + (8 - 2) + 9)?
-8
What is (-1 - -18 - -19) + -10?
26
What is 0 - 7 - ((-13 - -24) + -2 + -2)?
-14
Evaluate 64 - (-8 + (14 - -19)).
39
11 + -9 + -9 - -6
-1
Calculate 43 + -1 + -20 - (4 + 2 + -2).
18
What is 8 + -7 + (9 + -8 - -5 - 5)?
2
Calculate -3 - 0 - (5 - (-7 - -14)).
-1
What is -9 - ((2 - 9) + (63 - 47))?
-18
335 - 313 - (-1 - -1)
22
What is (33 - 61) + (11 - 9 - (2 + -3))?
-25
Evaluate -1 - (-6 + 15 + -9 + 2).
-3
What is the value of -8 + 51 + -13 + -50?
-20
7 - -12 - ((-5 + -2 - -4) + -6)
28
What is the value of 1 - (-5 + (4 + (-19 - -5) - -6))?
10
What is 2 + -1 - (22 + -12)?
-9
Evaluate 24 + -26 + 18 - -15.
31
Evaluate (-5 - -4 - -5) + (-31 - -3) - 9.
-33
What is the value of -1 + (10 - 5 - -10)?
14
Calculate (1 - (2 + -2)) + -1 - (153 + -147).
-6
-24 - (-23 - (1 + -11)) - 8
-19
Evaluate 3 + -22 + 9 - -23 - 5.
8
What is the value of -2 + (14 + -25 + 2 - -4)?
-7
(-14 - -5) + (-3 - (0 + (1 - 6)))
-7
Calculate (3 - (5 + 2)) + 19 + -6.
9
What is -13 + (5 - 1) - (-9 + 4)?
-4
Evaluate -13 + 0 + 122 + -117.
-8
Calculate (-11 - (-14 + (9 - 4) + 17)) + 8.
-11
(3 - -5) + (-33 - -31) - 18
-12
Calculate (728 - 720) + (0 - ((1 - -1) + -1)).
7
Evaluate 0 - 2 - 0 - (-82 - -83) - 4.
-7
-46 + 39 - ((5 - 2) + 6 - 1)
-15
What is the value of 14 + (4 - -6) + -24?
0
-9 + 1 - (103 + -113)
2
What is (1 + 10 - 0) + 1469 + -1504?
-24
What is (3 - -27) + 12 + -26 + 11?
27
What is (16 + -2 - -5) + (-28 - 19)?
-28
Evaluate -25 - (-4 + (27 - 26)).
-22
What is the value of (-18 + 2 + 10 - 2) + 1?
-7
What is (5 - (0 + 7 + 1 + -7)) + -12?
-8
What is the value of (37 - 30) + (-7 - -4)?
4
Evaluate (0 - (3 - (0 - -3)) - -5) + 2.
7
24 + (-37 - (-10 + 2))
-5
What is -11 - (5 - (13 - -2)) - -15?
14
1 - 15 - (129 + -143)
0
Evaluate -1 - (21 - (-19 - -20)).
-21
Calculate 44 - 44 - (-5 - -2).
3
What is (3 - -15) + -15 - 7?
-4
What is -3 + -1 + 9 + 2 + (-34 - -23)?
-4
Calculate 6 - (7 + -15 - -12 - 1).
3
-7 + 11 - 6 - (78 + -48)
-32
Calculate 0 - (313 + -304 + (-14 - -1)).
4
Evaluate -6 - (26 - 30 - (3 + -18)).
-17
What is the value of 35 + -21 + (2 + 1 - 11)?
6
What is the value of 1 + 6 + -79 + 26 + 55?
9
What is the value of (15 - 10) + (-45 - (-24 - -9))?
-25
Evaluate 1 - 0 - -1 - (-80 - (30 - 103)).
9
What is 6 - (4 + -4 + 4 + -4 - 4)?
10
What is -4 + (-1 - 3) + 5 + -6 + 0?
-9
-8 - 1 - (73 - (-6 - -63))
-25
Calculate 2 + 6 + (-19 + 10 - 2).
-3
What is the value of (-2 - (-1 + 1)) + 81 + -12 + -83?
-16
Evaluate -172 + 180 + (-2 - (2 + -1)).
5
What is the value of (82 - 71) + 0 + -38?
-27
Evaluate (13 - 30) + 4 + 6.
-7
Calculate 2 + 6 - (2 - (-11 + 14)).
9
Calculate -2 - (-3 - 5) - (-622 + 619).
9
What is the value of 9 + 6 + (-26 - ((-7 - 0) + 4))?
-8
(-9 + -2 + 8 - -10) + -9
-2
Calculate 1 + 1 + -4 + -6 - (-23 - -25).
-10
12 + 2 + -1 + -24
-11
Evaluate -2 + (43 - 19) + -26.
-4
(-17 + 31 - -1) + 17 - 8
24
What is -5 + 0 - (-105 - -92)?
8
What is the value of -13 + (-9 - (-21 + 3 + 8))?
-12
What is 3 + -39 - ((16 - 22) + 3 + 1)?
-34
What is the value of 11 + 0 + (16 - 31) + 10 - 20?
-14
Evaluate 9 - (3 + 5 + -8).
9
What is the value of (-10 - (-10 - -7)) + -9?
-16
0 + -2 - ((72 - 91) + (-3 - -16))
4
What is the value of 11 - (40 - (61 - 13))?
19
What is 24 + -27 + (27 - 5)?
19
What is the value of -4 + -12 + (-8 - -1) + 2 + 12?
-9
What is the value of 273 + -286 + (-1 - (8 + 2))?
-24
2 + -5 + -13 - -25
9
What is the value of -1 - (3 + -3) - ((-8 - 26) + 30)?
3
Calculate (-3 - -2) + (2 - 0) + 6 + -5.
2
-5 - 1 - (11 + (10 + -15 - 26))
14
What is -9 + -5 + 0 - (-9 + 2)?
-7
-8 - (-3 - 5 - 0 - (-11 - -1))
-10
0 - ((4 - (7 + -10)) + -7)
0
Calculate -56 - (-18 + -26 - -9).
-21
(-7 - -15) + (10 + -14 - (1 + 1))
2
Evaluate -14 + 3 + (-5 - -7 - 4).
-13
What is the value of (-13 - -1) + (12 - 4) + -4?
-8
What is 3 + -2 + 28 + -1 + 343 + -351?
20
(4 - (-8 + (18 - 23))) + 8
25
What is -2 + (5 - 8) - (-32 + 35)?
-8
What is the value of 2 + -2 + -1 - (-94 - -89)?
4
-15 + -2 - (-1094 - -1062)
15
Calculate (3 - -4) + 9 - 33.
-17
Calculate (-4 + 43 - (0 - -2)) + (3840 - 3843).
34
What is the value of -4 + -43 + 17 - -14?
-16
Evaluate (-37 - (39 + -57)) + (